at are the prime factors of 333711246?
2, 3, 11, 5056231
List the prime factors of 1422925705.
5, 23, 41, 47, 6421
List the prime factors of 740050521.
3, 7, 3851, 9151
List the prime factors of 36513583.
109, 334987
List the prime factors of 856999936.
2, 13, 32189
What are the prime factors of 53018543?
53018543
List the prime factors of 120338030.
2, 5, 67, 293, 613
List the prime factors of 1926807373.
67, 179, 347, 463
What are the prime factors of 57712878?
2, 3, 1068757
What are the prime factors of 332852896?
2, 10401653
List the prime factors of 516652525.
5, 17, 43, 1663
What are the prime factors of 390139773?
3, 6173, 21067
What are the prime factors of 1718679027?
3, 13, 59, 733, 1019
List the prime factors of 52887589.
67, 789367
What are the prime factors of 171009614?
2, 19, 151, 29803
What are the prime factors of 5588043897?
3, 47, 61, 649697
What are the prime factors of 1081628092?
2, 317, 821, 1039
List the prime factors of 6931334.
2, 3465667
List the prime factors of 549987644.
2, 137496911
What are the prime factors of 109651611?
3, 47, 777671
What are the prime factors of 1328095947?
3, 17, 131, 137, 1451
List the prime factors of 2847555491.
11, 1163, 222587
What are the prime factors of 7825105832?
2, 311, 619, 5081
List the prime factors of 447746821.
109, 4107769
List the prime factors of 271547544.
2, 3, 19, 89, 6691
What are the prime factors of 46584827?
19, 53, 46261
List the prime factors of 163699848.
2, 3, 13, 174893
What are the prime factors of 187294009?
7, 163, 164149
List the prime factors of 80088976.
2, 11, 113, 4027
List the prime factors of 360664463.
59, 443, 13799
What are the prime factors of 60596958?
2, 3, 1291, 7823
What are the prime factors of 677833477?
59, 11488703
What are the prime factors of 300646315?
5, 60129263
What are the prime factors of 824242770?
2, 3, 5, 13, 449, 523
List the prime factors of 477454408.
2, 149, 263, 1523
List the prime factors of 1800926286.
2, 3, 19, 761, 20759
List the prime factors of 265670988.
2, 3, 11, 182969
What are the prime factors of 2249670074?
2, 71, 131, 120937
What are the prime factors of 1583375677?
13, 121798129
What are the prime factors of 3513999?
3, 79, 14827
What are the prime factors of 207859875?
3, 5, 554293
List the prime factors of 1269330131.
19, 66806849
List the prime factors of 61354045.
5, 673, 18233
What are the prime factors of 36936918?
2, 3, 684017
List the prime factors of 574427042.
2, 7, 17, 2413559
What are the prime factors of 975137494?
2, 19, 25661513
What are the prime factors of 97254206?
2, 7, 6946729
What are the prime factors of 118644567?
3, 103, 383963
What are the prime factors of 794307767?
11, 29, 53, 4271
What are the prime factors of 777511074?
2, 3, 129585179
What are the prime factors of 1927206351?
3, 7, 73, 101, 461
What are the prime factors of 5546844446?
2, 11, 13, 31, 625631
What are the prime factors of 46498854?
2, 3, 311, 24919
What are the prime factors of 485132?
2, 121283
List the prime factors of 247917461.
11, 229, 98419
List the prime factors of 169135422.
2, 3, 23, 47, 89, 293
What are the prime factors of 4145095637?
4145095637
What are the prime factors of 66053361?
3, 11, 2001617
What are the prime factors of 130544787?
3, 283, 153763
What are the prime factors of 2535709176?
2, 3, 7, 11, 13, 151, 233
What are the prime factors of 174643583?
174643583
What are the prime factors of 158994392?
2, 41, 43, 11273
What are the prime factors of 154431348?
2, 3, 149, 86371
What are the prime factors of 22953162?
2, 3, 17, 307, 733
What are the prime factors of 2040458147?
7, 13, 97, 33023
List the prime factors of 3683598160.
2, 5, 11, 443, 859
What are the prime factors of 1013488934?
2, 193, 2625619
What are the prime factors of 10070200?
2, 5, 7, 7193
What are the prime factors of 2308418043?
3, 769472681
List the prime factors of 55251222.
2, 3, 13, 283, 2503
List the prime factors of 7096259.
17, 23, 18149
What are the prime factors of 15396354?
2, 3, 47, 18199
List the prime factors of 33242883.
3, 709, 15629
List the prime factors of 209036387.
7, 1249, 23909
List the prime factors of 30597889.
7, 23, 8263
List the prime factors of 126157031.
7, 11, 13, 126031
List the prime factors of 212786831.
1289, 165079
What are the prime factors of 708516351?
3, 157, 501427
List the prime factors of 647991316.
2, 7, 883, 26209
List the prime factors of 106950109.
7, 3257, 4691
What are the prime factors of 97909977?
3, 11, 47, 63127
List the prime factors of 76874471.
107, 718453
What are the prime factors of 2937274692?
2, 3, 11, 157, 271, 523
What are the prime factors of 1354494195?
3, 5, 43, 73, 223
List the prime factors of 32515711.
37, 239, 3677
List the prime factors of 122655603.
3, 7, 5840743
List the prime factors of 465507665.
5, 7, 13300219
List the prime factors of 36270805.
5, 431, 16831
List the prime factors of 653697225.
3, 5, 67, 103, 421
List the prime factors of 172039498.
2, 733, 117353
List the prime factors of 1707748122.
2, 3, 389, 731683
What are the prime factors of 970497176?
2, 11, 11028377
List the prime factors of 500521413.
3, 7, 23834353
List the prime factors of 9846619.
613, 16063
What are the prime factors of 46984813?
751, 62563
What are the prime factors of 29324590?
2, 5, 2932459
What are the prime factors of 3356467?
73, 45979
List the prime factors of 252557984.
2, 7, 17, 29, 2287
What are the prime factors of 536300148?
2, 3, 44691679
List the prime factors of 2015031.
3, 31, 47, 461
What are the prime factors of 3768315742?
2, 613, 3073667
What are the prime factors of 118484194?
2, 307, 192971
List the prime factors of 4473523634.
2, 31, 1997, 36131
List the prime factors of 1510597895.
5, 467, 646937
What are the prime factors of 4946264391?
3, 1648754797
List the prime factors of 32012190.
2, 3, 5, 7, 17, 61
List the prime factors of 94447458.
2, 3, 7, 37, 2251
What are the prime factors of 1408020?
2, 3, 5, 31, 757
What are the prime factors of 55307645?
5, 643, 17203
What are the prime factors of 5411299713?
3, 251, 401, 17921
What are the prime factors of 135044323?
135044323
List the prime factors of 191443294.
2, 7, 1953503
List the prime factors of 1101515354.
2, 550757677
List the prime factors of 20360039.
7, 19, 1151
List the prime factors of 393703116.
2, 3, 1481, 22153
What are the prime factors of 1026807368?
2, 859, 149419
List the prime factors of 1374487201.
3169, 433729
What are the prime factors of 13809108?
2, 3, 23, 50033
List the prime factors of 236441605.
5, 19, 1543, 1613
What are the prime factors of 595545248?
2, 18610789
List the prime factors of 1469284928.
2, 31, 787, 941
What are the prime factors of 675070492?
2, 168767623
What are the prime factors of 238277654?
2, 23, 127, 40787
What are the prime factors of 48328723?
19, 2543617
What are the prime factors of 85842697?
29, 997, 2969
List the prime factors of 232489613.
181, 1284473
List the prime factors of 49014470.
2, 5, 937, 5231
List the prime factors of 3099806724.
2, 3, 7, 17, 67, 179, 181
List the prime factors of 369819584.
2, 31, 53, 3517
List the prime factors of 2572805407.
42961, 59887
What are the prime factors of 28854152?
2, 3606769
What are the prime factors of 65865272?
2, 11, 73, 10253
List the prime factors of 330310126.
2, 165155063
List the prime factors of 332872329.
3, 661, 167863
List the prime factors of 100573130.
2, 5, 7, 43, 33413
List the prime factors of 1060219496.
2, 7, 443, 42737
What are the prime factors of 174090611?
23, 7569157
List the prime factors of 97964226.
2, 3, 5442457
List the prime factors of 14584682.
2, 7, 59, 17657
What are the prime factors of 174779121?
3, 11, 1697, 3121
What are the prime factors of 123809120?
2, 5, 29, 26683
What are the prime factors of 51610294?
2, 25805147
List the prime factors of 2726557599.
3, 53, 103, 166487
List the prime factors of 775483297.
593, 1307729
List the prime factors of 205766010.
2, 3, 5, 19, 120331
What are the prime factors of 6809833390?
2, 5, 7013, 97103
List the prime factors of 12824210.
2, 5, 7, 183203
List the prime factors of 627732736.
2, 79, 31039
What are the prime factors of 1215477499?
347, 1693, 2069
List the prime factors of 30521233.
911, 33503
What are the 